{"id":17993,"date":"2024-09-01T11:07:05","date_gmt":"2024-09-01T09:07:05","guid":{"rendered":"https:\/\/brumcosmetique.com\/?post_type=product&#038;p=17993"},"modified":"2025-11-07T12:34:40","modified_gmt":"2025-11-07T11:34:40","slug":"huile-concentre-cica-topicrem-100ml","status":"publish","type":"product","link":"https:\/\/brumcosmetique.com\/?product=huile-concentre-cica-topicrem-100ml","title":{"rendered":"Huile Concentr\u00e9 CICA+ Topicrem 100ml"},"content":{"rendered":"<div class=\"collapse pfd__collapse collapse--expanded\">\n<div id=\"collapse618\" class=\"collapse__content\">\n<div class=\"collapse__wrapper\">\n<div class=\"rich-text\">\n<div class=\"collapse pfd__collapse collapse--expanded\">\n<div id=\"collapse618\" class=\"collapse__content\">\n<div class=\"collapse__wrapper\">\n<div class=\"rich-text\">\n<p>Concentr\u00e9e de 3 huiles (Maracuja, Amande Douce et Cameline),<strong>\u00a0CICA+ Huile Concentr\u00e9e Vergetures et Cicatrices<\/strong>\u00a0\u00e0\u00a0<strong>99,8% d\u2019ingr\u00e9dients naturels r\u00e9duit visiblement l\u2019apparence des vergetures et des cicatrices (taille et couleur)<\/strong>. Notre huile anti-vergetures aide \u00e0\u00a0<strong>pr\u00e9venir l\u2019apparition de nouvelles vergetures en raffermissant la peau<\/strong>. Notre huile contre les vergetures et les cicatrices\u00a0<strong>apaise toute sensation de d\u00e9mangeaisons, tiraillements et d\u2019inconfort, tout en hydratant durant 24h*.<\/strong><\/p>\n<\/div>\n<\/div>\n<\/div>\n<\/div>\n<\/div>\n<\/div>\n<\/div>\n<\/div>\n","protected":false},"excerpt":{"rendered":"<p>Sa texture huile bien-\u00eatre au fini non-gras et non-collant au parfum tr\u00e8s doux permet de favoriser un massage optimal des vergetures et cicatrices et prend soin des peaux sensibles \u00e0 toutes les \u00e9tapes de la vie.<\/p>\n<p>Enfant, adultes. Adapt\u00e9 aux femmes allaitantes et enceintes d\u00e8s le 1er trimestre. Test\u00e9e sous contr\u00f4le dermatologique.<\/p>\n","protected":false},"featured_media":17994,"comment_status":"open","ping_status":"closed","template":"","meta":[],"product_cat":[20,123],"product_tag":[],"class_list":{"0":"post-17993","1":"product","2":"type-product","3":"status-publish","4":"has-post-thumbnail","6":"product_cat-corps","7":"product_cat-huiles-de-corps","9":"first","10":"instock","11":"taxable","12":"shipping-taxable","13":"purchasable","14":"product-type-simple"},"_links":{"self":[{"href":"https:\/\/brumcosmetique.com\/index.php?rest_route=\/wp\/v2\/product\/17993","targetHints":{"allow":["GET"]}}],"collection":[{"href":"https:\/\/brumcosmetique.com\/index.php?rest_route=\/wp\/v2\/product"}],"about":[{"href":"https:\/\/brumcosmetique.com\/index.php?rest_route=\/wp\/v2\/types\/product"}],"replies":[{"embeddable":true,"href":"https:\/\/brumcosmetique.com\/index.php?rest_route=%2Fwp%2Fv2%2Fcomments&post=17993"}],"version-history":[{"count":2,"href":"https:\/\/brumcosmetique.com\/index.php?rest_route=\/wp\/v2\/product\/17993\/revisions"}],"predecessor-version":[{"id":17998,"href":"https:\/\/brumcosmetique.com\/index.php?rest_route=\/wp\/v2\/product\/17993\/revisions\/17998"}],"wp:featuredmedia":[{"embeddable":true,"href":"https:\/\/brumcosmetique.com\/index.php?rest_route=\/wp\/v2\/media\/17994"}],"wp:attachment":[{"href":"https:\/\/brumcosmetique.com\/index.php?rest_route=%2Fwp%2Fv2%2Fmedia&parent=17993"}],"wp:term":[{"taxonomy":"product_cat","embeddable":true,"href":"https:\/\/brumcosmetique.com\/index.php?rest_route=%2Fwp%2Fv2%2Fproduct_cat&post=17993"},{"taxonomy":"product_tag","embeddable":true,"href":"https:\/\/brumcosmetique.com\/index.php?rest_route=%2Fwp%2Fv2%2Fproduct_tag&post=17993"}],"curies":[{"name":"wp","href":"https:\/\/api.w.org\/{rel}","templated":true}]}}