{"id":18339,"date":"2024-10-15T13:04:41","date_gmt":"2024-10-15T11:04:41","guid":{"rendered":"https:\/\/brumcosmetique.com\/?post_type=product&#038;p=18339"},"modified":"2026-05-01T10:04:48","modified_gmt":"2026-05-01T08:04:48","slug":"lipikar-huile-lavante-ap-la-roche-posay-1-litre","status":"publish","type":"product","link":"https:\/\/brumcosmetique.com\/?product=lipikar-huile-lavante-ap-la-roche-posay-1-litre","title":{"rendered":"Lipikar Huile Lavante AP+ La Roche-Posay 1 Litre"},"content":{"rendered":"<p>Cette huile lavante relipidante convient aux peaux normales, peaux s\u00e8ches et peaux atopiques (ecz\u00e9ma, psoriasis&#8230;). Elle lave en douceur la peau et les zones intimes des adultes et des enfants, ainsi que la peau et le cuir chevelu des nourrissons.<\/p>\n","protected":false},"excerpt":{"rendered":"<p>L&rsquo;huile lavante Lipikar AP+ est une huile de douche l\u00e9g\u00e8rement parfum\u00e9e con\u00e7ue pour les peaux normales, s\u00e8ches et \u00e0 tendance atopique. Sa formulation minimaliste contient du beurre de karit\u00e9, de la niacinamide et de l&rsquo;Aqua Pos\u00e6 Filiformis. Ils nourrissent et pr\u00e9servent la peau du dess\u00e8chement et respectent l&rsquo;\u00e9quilibre du microbiome cutan\u00e9. Les sensations de d\u00e9mangeaisons sont apais\u00e9es, la peau retrouve son confort.<\/p>\n","protected":false},"featured_media":18284,"comment_status":"open","ping_status":"closed","template":"","meta":[],"product_cat":[20,123],"product_tag":[],"class_list":{"0":"post-18339","1":"product","2":"type-product","3":"status-publish","4":"has-post-thumbnail","6":"product_cat-corps","7":"product_cat-huiles-de-corps","9":"first","10":"instock","11":"sale","12":"taxable","13":"shipping-taxable","14":"purchasable","15":"product-type-simple"},"_links":{"self":[{"href":"https:\/\/brumcosmetique.com\/index.php?rest_route=\/wp\/v2\/product\/18339","targetHints":{"allow":["GET"]}}],"collection":[{"href":"https:\/\/brumcosmetique.com\/index.php?rest_route=\/wp\/v2\/product"}],"about":[{"href":"https:\/\/brumcosmetique.com\/index.php?rest_route=\/wp\/v2\/types\/product"}],"replies":[{"embeddable":true,"href":"https:\/\/brumcosmetique.com\/index.php?rest_route=%2Fwp%2Fv2%2Fcomments&post=18339"}],"version-history":[{"count":1,"href":"https:\/\/brumcosmetique.com\/index.php?rest_route=\/wp\/v2\/product\/18339\/revisions"}],"predecessor-version":[{"id":18340,"href":"https:\/\/brumcosmetique.com\/index.php?rest_route=\/wp\/v2\/product\/18339\/revisions\/18340"}],"wp:featuredmedia":[{"embeddable":true,"href":"https:\/\/brumcosmetique.com\/index.php?rest_route=\/wp\/v2\/media\/18284"}],"wp:attachment":[{"href":"https:\/\/brumcosmetique.com\/index.php?rest_route=%2Fwp%2Fv2%2Fmedia&parent=18339"}],"wp:term":[{"taxonomy":"product_cat","embeddable":true,"href":"https:\/\/brumcosmetique.com\/index.php?rest_route=%2Fwp%2Fv2%2Fproduct_cat&post=18339"},{"taxonomy":"product_tag","embeddable":true,"href":"https:\/\/brumcosmetique.com\/index.php?rest_route=%2Fwp%2Fv2%2Fproduct_tag&post=18339"}],"curies":[{"name":"wp","href":"https:\/\/api.w.org\/{rel}","templated":true}]}}