{"id":18360,"date":"2024-10-29T13:34:53","date_gmt":"2024-10-29T12:34:53","guid":{"rendered":"https:\/\/brumcosmetique.com\/?post_type=product&#038;p=18360"},"modified":"2025-03-27T20:47:05","modified_gmt":"2025-03-27T19:47:05","slug":"creme-hydratante-cetaphil-450g","status":"publish","type":"product","link":"https:\/\/brumcosmetique.com\/?product=creme-hydratante-cetaphil-450g","title":{"rendered":"Cr\u00e8me hydratante Cetaphil 450g"},"content":{"rendered":"<p>Appliquez la cr\u00e8me hydratante aussi souvent que vous en ressentez le besoin. Vous verrez rapidement ce qui fonctionne le mieux.<\/p>\n<p>Conseil : nettoyez votre peau au pr\u00e9alable avec Cetaphil Mild Skin Cleanser. Il est pr\u00e9f\u00e9rable d&rsquo;appliquer la cr\u00e8me lorsque votre peau est encore humide, par exemple apr\u00e8s avoir pris une douche. Tout cela contribue \u00e0 retenir l&rsquo;humidit\u00e9 &#8211; votre peau restera douce et souple.<\/p>\n","protected":false},"excerpt":{"rendered":"<p>La Cr\u00e8me Hydratante assure une hydratation intense et durable pendant 24 heures ; non seulement elle fournit une hydratation suffisante, mais elle apaise et adoucit instantan\u00e9ment la peau. Convient pour votre visage, pour tout votre corps. N&rsquo;oubliez pas les zones \u00ab\u00a0difficiles\u00a0\u00bb qui s\u00e8chent rapidement, comme les mains, les coudes et les genoux. S&rsquo;absorbe rapidement et n&rsquo;est pas collant.<\/p>\n","protected":false},"featured_media":18354,"comment_status":"open","ping_status":"closed","template":"","meta":[],"product_cat":[143,32],"product_tag":[],"class_list":{"0":"post-18360","1":"product","2":"type-product","3":"status-publish","4":"has-post-thumbnail","6":"product_cat-cremes-de-visage","7":"product_cat-visage","9":"first","10":"outofstock","11":"taxable","12":"shipping-taxable","13":"purchasable","14":"product-type-simple"},"_links":{"self":[{"href":"https:\/\/brumcosmetique.com\/index.php?rest_route=\/wp\/v2\/product\/18360","targetHints":{"allow":["GET"]}}],"collection":[{"href":"https:\/\/brumcosmetique.com\/index.php?rest_route=\/wp\/v2\/product"}],"about":[{"href":"https:\/\/brumcosmetique.com\/index.php?rest_route=\/wp\/v2\/types\/product"}],"replies":[{"embeddable":true,"href":"https:\/\/brumcosmetique.com\/index.php?rest_route=%2Fwp%2Fv2%2Fcomments&post=18360"}],"version-history":[{"count":1,"href":"https:\/\/brumcosmetique.com\/index.php?rest_route=\/wp\/v2\/product\/18360\/revisions"}],"predecessor-version":[{"id":18361,"href":"https:\/\/brumcosmetique.com\/index.php?rest_route=\/wp\/v2\/product\/18360\/revisions\/18361"}],"wp:featuredmedia":[{"embeddable":true,"href":"https:\/\/brumcosmetique.com\/index.php?rest_route=\/wp\/v2\/media\/18354"}],"wp:attachment":[{"href":"https:\/\/brumcosmetique.com\/index.php?rest_route=%2Fwp%2Fv2%2Fmedia&parent=18360"}],"wp:term":[{"taxonomy":"product_cat","embeddable":true,"href":"https:\/\/brumcosmetique.com\/index.php?rest_route=%2Fwp%2Fv2%2Fproduct_cat&post=18360"},{"taxonomy":"product_tag","embeddable":true,"href":"https:\/\/brumcosmetique.com\/index.php?rest_route=%2Fwp%2Fv2%2Fproduct_tag&post=18360"}],"curies":[{"name":"wp","href":"https:\/\/api.w.org\/{rel}","templated":true}]}}