{"id":19067,"date":"2025-09-11T14:23:55","date_gmt":"2025-09-11T12:23:55","guid":{"rendered":"https:\/\/brumcosmetique.com\/?post_type=product&#038;p=19067"},"modified":"2025-10-17T14:48:30","modified_gmt":"2025-10-17T12:48:30","slug":"lipikar-syndet-ap-de-la-roche-posay","status":"publish","type":"product","link":"https:\/\/brumcosmetique.com\/?product=lipikar-syndet-ap-de-la-roche-posay","title":{"rendered":"Lipikar Syndet AP+ de La Roche-Posay"},"content":{"rendered":"<p data-start=\"308\" data-end=\"791\">Le <strong data-start=\"311\" data-end=\"351\">Lipikar Syndet AP+ de La Roche-Posay<\/strong> est une cr\u00e8me lavante douce, sp\u00e9cialement formul\u00e9e pour les peaux tr\u00e8s s\u00e8ches, sensibles et \u00e0 tendance atopique. Sa formule enrichie en <strong data-start=\"488\" data-end=\"508\">Beurre de Karit\u00e9<\/strong>, en <strong data-start=\"513\" data-end=\"528\">Niacinamide<\/strong> et en <strong data-start=\"535\" data-end=\"560\">Aqua Posae Filiformis<\/strong> aide \u00e0 restaurer et renforcer la barri\u00e8re cutan\u00e9e, tout en r\u00e9duisant les irritations et les sensations de d\u00e9mangeaisons. Sa texture cr\u00e8me onctueuse nettoie d\u00e9licatement, apaise imm\u00e9diatement et apporte confort durable \u00e0 la peau.<\/p>\n<p data-start=\"793\" data-end=\"996\">\u2714 Nettoie sans agresser<br data-start=\"816\" data-end=\"819\" \/>\u2714 Soulage les irritations et tiraillements<br data-start=\"861\" data-end=\"864\" \/>\u2714 Hydrate et relipide intens\u00e9ment<br data-start=\"897\" data-end=\"900\" \/>\u2714 Convient aux b\u00e9b\u00e9s, enfants et adultes<\/p>\n<p data-start=\"793\" data-end=\"996\">\u2714 Test\u00e9 sous contr\u00f4le dermatologique et p\u00e9diatrique<\/p>\n","protected":false},"excerpt":{"rendered":"<p>Cr\u00e8me lavante relipidante anti-irritations et anti-grattage, id\u00e9ale pour les peaux tr\u00e8s s\u00e8ches et atopiques.<\/p>\n","protected":false},"featured_media":19260,"comment_status":"closed","ping_status":"closed","template":"","meta":[],"product_cat":[190,20],"product_tag":[],"class_list":{"0":"post-19067","1":"product","2":"type-product","3":"status-publish","4":"has-post-thumbnail","6":"product_cat-autres-corps","7":"product_cat-corps","9":"first","10":"instock","11":"taxable","12":"shipping-taxable","13":"purchasable","14":"product-type-simple"},"_links":{"self":[{"href":"https:\/\/brumcosmetique.com\/index.php?rest_route=\/wp\/v2\/product\/19067","targetHints":{"allow":["GET"]}}],"collection":[{"href":"https:\/\/brumcosmetique.com\/index.php?rest_route=\/wp\/v2\/product"}],"about":[{"href":"https:\/\/brumcosmetique.com\/index.php?rest_route=\/wp\/v2\/types\/product"}],"replies":[{"embeddable":true,"href":"https:\/\/brumcosmetique.com\/index.php?rest_route=%2Fwp%2Fv2%2Fcomments&post=19067"}],"version-history":[{"count":2,"href":"https:\/\/brumcosmetique.com\/index.php?rest_route=\/wp\/v2\/product\/19067\/revisions"}],"predecessor-version":[{"id":19070,"href":"https:\/\/brumcosmetique.com\/index.php?rest_route=\/wp\/v2\/product\/19067\/revisions\/19070"}],"wp:featuredmedia":[{"embeddable":true,"href":"https:\/\/brumcosmetique.com\/index.php?rest_route=\/wp\/v2\/media\/19260"}],"wp:attachment":[{"href":"https:\/\/brumcosmetique.com\/index.php?rest_route=%2Fwp%2Fv2%2Fmedia&parent=19067"}],"wp:term":[{"taxonomy":"product_cat","embeddable":true,"href":"https:\/\/brumcosmetique.com\/index.php?rest_route=%2Fwp%2Fv2%2Fproduct_cat&post=19067"},{"taxonomy":"product_tag","embeddable":true,"href":"https:\/\/brumcosmetique.com\/index.php?rest_route=%2Fwp%2Fv2%2Fproduct_tag&post=19067"}],"curies":[{"name":"wp","href":"https:\/\/api.w.org\/{rel}","templated":true}]}}